{"id":326,"date":"2025-03-12T19:04:58","date_gmt":"2025-03-12T18:04:58","guid":{"rendered":"https:\/\/www.ledforled.dk\/?page_id=326"},"modified":"2025-03-12T19:27:19","modified_gmt":"2025-03-12T18:27:19","slug":"hydrogenterapi","status":"publish","type":"page","link":"https:\/\/www.ledforled.dk\/index.php\/hydrogenterapi\/","title":{"rendered":"Hydrogenterapi"},"content":{"rendered":"\n<p><\/p>\n\n\n\n<p><strong>Nyt h\u00e5b &#8211; Hydrogenterapi&nbsp;<\/strong><\/p>\n\n\n\n<p>Hydrogen Terapi er en terapiform baseret p\u00e5 indtagelse af molekyl\u00e6r hydrogen H<sub>2<\/sub>. I behandlings\u00f8jemed vil hydrogen typisk inhaleres. Det vil booste din krop med sprudlende antioxidanter, der har mange gode kvaliteter. Hydrogen kan ogs\u00e5 indtages via drikkevand eller gennem huden.<\/p>\n\n\n\n<p>Molekyl\u00e6r hydrogen er ikke et l\u00e6gemiddel \u2014 det produceres naturligt i den menneskelige krop. Hydrogen terapi tilf\u00f8jer ekstra antioxidanter, der kan klare den stigende m\u00e6ngde af udfordringer, kroppen er udsat for i dag.&nbsp;<a href=\"https:\/\/iwater.dk\/styrk-dit-immunforsvar-med-sprudlende-antioxidanter\/\">Hydrogen er nemlig en helt s\u00e6rlig antioxidant<\/a>, der er kraftigere og mere effektivt end andre antioxidanter, som du eksempelvis indtager gennem kosten.<\/p>\n\n\n\n<p>Antioxidanter booster&nbsp; dig, og hj\u00e6lper med at optimere din sundhed, velv\u00e6re, pr\u00e6station, s\u00f8vn, neds\u00e6tter smerter,&nbsp; psykisk stress og styrker livskvaliteten.&nbsp;&nbsp;<\/p>\n\n\n\n<p>Hydrogen terapi er et relativt nyt f\u00e6nomen i Vesten. I \u00d8sten har det dog v\u00e6ret brugt som behandlingsmetode i mange \u00e5r og bruges i dag ogs\u00e5 p\u00e5 flere hospitaler.<\/p>\n\n\n\n<p>Molekyl\u00e6r hydrogen H<sub>2<\/sub>&nbsp;er en naturlig antioxidant, der blandt andet produceres i kroppen og i naturlige kilder \u2013 det er den mindste og kraftigste antioxidant, der findes. Det betyder, at den kan tr\u00e6nge helt ind i mitokondrierne&nbsp;<a href=\"https:\/\/iwater.dk\/fatigue-naar-kroppen-bliver-stresset-bliver-hjernen-traet\/\">i blandt andet hjernen<\/a>, hvor andre antioxidanter ikke kan n\u00e5. Den kan alts\u00e5 n\u00e5 alle celler i kroppen.<\/p>\n\n\n\n<p>Antioxidanternes opgave er at bek\u00e6mpe frie radikaler i kroppen. Frie radikaler er molekyler, der er kemisk ustabile. De stj\u00e6ler elektroner fra andre stoffer for at blive stabile og for\u00e5rsager de fleste sygdomme og sundhedsm\u00e6ssige problemer blandt mennesker. De skaber oxidativ stress i vores celler. Hver dag danner vi frie radikaler i kroppen, gennem de almindelige stofskifteprocesser, samtidig med at vi bliver p\u00e5virket af udefrakommende frie radikaler som; forurening, tungmetaller, medicin, str\u00e5ling og psykisk stress mv.&nbsp;<\/p>\n\n\n\n<p>Antioxidanter eliminerer de skadelige frie radikaler, og modvirker oxidativ stress. Dvs for at kroppen kan fungere optimalt skal dette forhold v\u00e6re i balance, ubalancen forekommer n\u00e5r kroppen bliver \u201csyg\u201d og ikke kan opretholde sin balance selv.&nbsp;<\/p>\n\n\n\n<p>For at immunforsvaret kan fungere optimalt, har kroppen brug for masser&nbsp; af effektive antioxidanter, gr\u00f8ntsager, frugt og kosttilskud, men de kan ikke m\u00e5le sig med&nbsp; H2, da de ofte er for store molekyler til at passere cellev\u00e6ggen. Derfor skal de f\u00f8rst ned i tarmen, hvor de kan omdannes til&nbsp; H<sub>2<\/sub> og dermed bliver verdens mindste antioxidant.&nbsp;<\/p>\n\n\n\n<p>Denne proces i tarmen springer vi over ved at indtage&nbsp; H<sub>2<\/sub> direkte gennem hydrogen rigt vand, eller inhalation.&nbsp;&nbsp;<\/p>\n\n\n\n<p><strong>1,5 L hydrogen rigt vand svarer til samme m\u00e6ngde antioxidanter som du f\u00e5r via dine gr\u00f8ntsager fx 3 hele k\u00e5lhoveder. Eller 38 guler\u00f8dder, 516 \u00e6bler eller 756 bananer.&nbsp;&nbsp;<\/strong><\/p>\n\n\n\n<p>Molekyl\u00e6r hydrogen kan som antioxidant s\u00e6nke niveauet af&nbsp;<a href=\"https:\/\/www.ncbi.nlm.nih.gov\/pmc\/articles\/PMC5551541\/\">oxidativ stress<\/a>&nbsp;i cellerne. Oxidativ stress i cellerne er medvirkende til en lang r\u00e6kke fysiske og psykiske udfordringer. Derfor kan hydrogen terapi blandt andet booste hum\u00f8ret og energiniveauet samt forbedre din generelle sundhed og velv\u00e6re \u2013 heriblandt en bedre s\u00f8vn og ford\u00f8jelse samt styrkelse af immunforsvaret.<\/p>\n\n\n\n<p>Oxidativ stress er en af de fysiske tilstande, der virkelig kan p\u00e5virke hum\u00f8ret. Oxidativ stress er ofte involveret i negative f\u00f8lelser; depression, angst, inflammation, tr\u00e6thed, nedtrykthed samt d\u00e5rlig s\u00f8vn.&nbsp;<\/p>\n\n\n\n<p>Hydrogen Terapi skaber balance i kroppen samt en forbedring af kroppens naturlige funktioner, som du vil kunne m\u00e6rke. Derfor er hydrogen terapi ogs\u00e5 velegnet til pr\u00e6stations- og restitution optimering.<\/p>\n\n\n\n<p><strong>Pr\u00e6station<\/strong> betyder, at man skal yde sit bedste i en kr\u00e6vende situation. Der kan her b\u00e5de v\u00e6re tale om h\u00e5rd fysisk tr\u00e6ning, eller hvis man skal holde et opl\u00e6g p\u00e5 sin arbejdsplads, eller i alm. hverdagssituationer.&nbsp;<\/p>\n\n\n\n<p>N\u00e5r vi skal pr\u00e6stere handler det om overskud og energi, dette er et produkt at fysisk og mental sundhed. Det vil sige, at vi vil kunne pr\u00e6stere markant bedre i det daglige og i spidssituationer ved at forbedre vores mentale og fysiske sundhed. Dette kunne v\u00e6re tr\u00e6ning, hydrogen trerapi og kost.&nbsp;<\/p>\n\n\n\n<p><strong>Hydrogen Terapi kommer p\u00e5 tale ved at optimere fysisk pr\u00e6sentation pga;&nbsp;<\/strong><\/p>\n\n\n\n<ul class=\"wp-block-list\">\n<li>Vandmolekylerne mindskes, og vandet er derfor lettere at drikke. Dvs man kan drikke mere vand hurtigere.<\/li>\n\n\n\n<li>Vandet har et basisk pH niveau, som hurtigere neutraliserer m\u00e6lkesyre.&nbsp;<\/li>\n\n\n\n<li>Hydrogen Rigt vand kan afhj\u00e6lpe skader, og mindste muskeltr\u00e6thed.<\/li>\n\n\n\n<li>desto mere h2 du har i kroppen, desto l\u00e6ngere kan du performe.&nbsp;<\/li>\n\n\n\n<li>Forbedre din restitution.&nbsp;<\/li>\n\n\n\n<li>Hurtigere genoptr\u00e6ning efter skader.&nbsp;<\/li>\n<\/ul>\n\n\n\n<p>Hydrogen har et terapeutisk potentiale. Det kan bruges terapeutisk i form af hydrogenrigt vand eller som inhalation, hvor det virker som en kraftig antioxidant og antiinflammatorisk middel.&nbsp;<\/p>\n\n\n\n<p>Elektrolyse er vejen til ren hydrogen og ren antioxidanter. Dette er en proces hvor vand (H2O) spaltes til ( H<sub>2<\/sub>) og ilt (O2) ved hj\u00e6lp af elektricitet.&nbsp;&nbsp;<\/p>\n\n\n\n<p>Ved hj\u00e6lp af avanceret teknologi som protonudvekslingsmembraner (PEM) opn\u00e6s h\u00f8j renhed og effektiv separation af hydrogen og ilt. PEM fungere som en solid polymer, der kun tillader protoner at passere, hvilket sikre at hydrogenet er 99,9% rent og sikkert til terapeutisk brug.&nbsp;<\/p>\n\n\n\n<p>Hydrogen kan tilf\u00f8res kroppen p\u00e5 to prim\u00e6re m\u00e5der; gennem hydrogenrigt vand, eller ved inhalation. Begge metoder har unikke fordele og begr\u00e6nsninger.&nbsp;<\/p>\n\n\n\n<p><\/p>\n\n\n\n<figure class=\"wp-block-gallery has-nested-images columns-default is-cropped wp-block-gallery-1 is-layout-flex wp-block-gallery-is-layout-flex\">\n<figure class=\"wp-block-image size-large\"><img loading=\"lazy\" decoding=\"async\" width=\"480\" height=\"640\" data-id=\"328\" src=\"https:\/\/www.ledforled.dk\/wp-content\/uploads\/2025\/03\/IMG_9602-rotated.jpg\" alt=\"\" class=\"wp-image-328\" srcset=\"https:\/\/www.ledforled.dk\/wp-content\/uploads\/2025\/03\/IMG_9602-rotated.jpg 480w, https:\/\/www.ledforled.dk\/wp-content\/uploads\/2025\/03\/IMG_9602-225x300.jpg 225w\" sizes=\"auto, (max-width: 480px) 100vw, 480px\" \/><\/figure>\n\n\n\n<figure class=\"wp-block-image size-large\"><img loading=\"lazy\" decoding=\"async\" width=\"640\" height=\"480\" data-id=\"327\" src=\"https:\/\/www.ledforled.dk\/wp-content\/uploads\/2025\/03\/IMG_9655-rotated.jpg\" alt=\"\" class=\"wp-image-327\" srcset=\"https:\/\/www.ledforled.dk\/wp-content\/uploads\/2025\/03\/IMG_9655-rotated.jpg 640w, https:\/\/www.ledforled.dk\/wp-content\/uploads\/2025\/03\/IMG_9655-300x225.jpg 300w\" sizes=\"auto, (max-width: 640px) 100vw, 640px\" \/><\/figure>\n<\/figure>\n\n\n\n<p><\/p>\n\n\n\n<p><\/p>\n\n\n\n<p><strong>Fordele; Hydrogeninhalation;&nbsp;<\/strong><\/p>\n\n\n\n<p>H\u00f8jere koncentration; ved inhalation kan kroppen optage betydelig st\u00f8rre m\u00e6ngder hydrogen p\u00e5 kort tid.<\/p>\n\n\n\n<p>Hurtig absorption, her optages hydrogen direkte gennem slimhinderne og i lungerne og transporteres over i blodbanen, hvilket giver hurtigere resultater, og bedre spredningsgrad.&nbsp;<\/p>\n\n\n\n<p>Neurobeskyttelse; Studier viser at inhalation levere hydrogen direkte til lunger og hjerne, hvor det kan have m\u00e5lrette effekt da disse sm\u00e5 hydrogen er noget af det eneste der kan komme over hjernehinden.&nbsp;<\/p>\n\n\n\n<p><strong>Fordele; Hydrogenrigt vand;&nbsp;<\/strong><\/p>\n\n\n\n<p>Nem interagtion i hverdagen, kan blive en del af hverdagens rutiner enten via hjemmegeneraor eller hydrogen vandflaske, som kan tages med p\u00e5 farten.&nbsp;<\/p>\n\n\n\n<p>Hydrogen absorberes her gennem ford\u00f8jelsessystemet, og spredes i blodbanen hvor det virker som antioxidant.&nbsp;<\/p>\n\n\n\n<p>Molekyl\u00e6rt hydrogen kommer her direkte i kontakt med tarmen, og er s\u00e6rlig gavnlig ved ford\u00f8jelses- og tarmbesv\u00e6r.<\/p>\n\n\n\n<p>Begr\u00e6nsninger; Hydrogenkoncentrationen i vand er begr\u00e6nset. Hydrogen fordamper hurtig, s\u00e5 vandet skalindtages umiddelbart efter produktion.&nbsp;<\/p>\n\n\n\n<p><strong>Typiske tegn p\u00e5 udrensning, efter opstart;&nbsp;<\/strong><\/p>\n\n\n\n<ol class=\"wp-block-list\">\n<li><strong>&nbsp;<\/strong>F\u00f8lelse af at v\u00e6re i en osteklokke<\/li>\n\n\n\n<li>Smerter<\/li>\n\n\n\n<li>uro<\/li>\n\n\n\n<li>D\u00e5rlig kropslugt, sved og ud\u00e5nding<\/li>\n\n\n\n<li>Mere aff\u00f8ring og anderledes konsistens<\/li>\n\n\n\n<li>Hovedpine<\/li>\n\n\n\n<li>Mere \u00f8revoks, puds fra \u00f8jne, udfl\u00e5d og lignende.<\/li>\n<\/ol>\n","protected":false},"excerpt":{"rendered":"<p>Nyt h\u00e5b &#8211; Hydrogenterapi&nbsp; Hydrogen Terapi er en terapiform baseret p\u00e5 indtagelse af molekyl\u00e6r hydrogen H2. I behandlings\u00f8jemed vil hydrogen typisk inhaleres. Det vil booste din krop med sprudlende antioxidanter, der har mange gode kvaliteter. Hydrogen kan ogs\u00e5 indtages via drikkevand eller gennem huden. Molekyl\u00e6r hydrogen er ikke et l\u00e6gemiddel \u2014 det produceres naturligt i [&hellip;]<\/p>\n","protected":false},"author":1,"featured_media":0,"parent":0,"menu_order":0,"comment_status":"closed","ping_status":"closed","template":"","meta":{"footnotes":""},"class_list":["post-326","page","type-page","status-publish","hentry"],"_links":{"self":[{"href":"https:\/\/www.ledforled.dk\/index.php\/wp-json\/wp\/v2\/pages\/326","targetHints":{"allow":["GET"]}}],"collection":[{"href":"https:\/\/www.ledforled.dk\/index.php\/wp-json\/wp\/v2\/pages"}],"about":[{"href":"https:\/\/www.ledforled.dk\/index.php\/wp-json\/wp\/v2\/types\/page"}],"author":[{"embeddable":true,"href":"https:\/\/www.ledforled.dk\/index.php\/wp-json\/wp\/v2\/users\/1"}],"replies":[{"embeddable":true,"href":"https:\/\/www.ledforled.dk\/index.php\/wp-json\/wp\/v2\/comments?post=326"}],"version-history":[{"count":2,"href":"https:\/\/www.ledforled.dk\/index.php\/wp-json\/wp\/v2\/pages\/326\/revisions"}],"predecessor-version":[{"id":337,"href":"https:\/\/www.ledforled.dk\/index.php\/wp-json\/wp\/v2\/pages\/326\/revisions\/337"}],"wp:attachment":[{"href":"https:\/\/www.ledforled.dk\/index.php\/wp-json\/wp\/v2\/media?parent=326"}],"curies":[{"name":"wp","href":"https:\/\/api.w.org\/{rel}","templated":true}]}}